 what is -41 + 12?
-25
In base 10, what is -4 - -5993?
5989
In base 3, what is -1110 + -2?
-1112
In base 9, what is -5 - -5?
0
In base 12, what is 3 - -62?
65
In base 5, what is 434104 + -10?
434044
In base 9, what is -185 + -4?
-200
In base 8, what is 1274 + 5?
1301
In base 13, what is -1334 - -4?
-1330
In base 9, what is 11135 - 2?
11133
In base 3, what is -1210010 - -1020?
-1201220
In base 16, what is 1c - 4b?
-2f
In base 16, what is -956 + -5?
-95b
In base 15, what is 27 - -c8?
100
In base 10, what is 488 + -3?
485
In base 2, what is -11 - -1100111101000?
1100111100101
In base 11, what is -62 - 20?
-82
In base 8, what is 3356 - 5?
3351
In base 7, what is -103 + 24?
-46
In base 13, what is b4 + -58?
59
In base 11, what is a0 + -5?
96
In base 8, what is -163 + -322?
-505
In base 12, what is 34 + -92?
-5a
In base 9, what is -367 + 5?
-362
In base 5, what is 44324 - 10?
44314
In base 4, what is 12130031 - -2?
12130033
In base 11, what is 6 + 35?
40
In base 8, what is -31 - -4?
-25
In base 5, what is -42 - -1014?
422
In base 16, what is -326e - -1?
-326d
In base 4, what is 2210 + 30?
2300
In base 5, what is -23140 - -10?
-23130
In base 7, what is -462 - -45?
-414
In base 16, what is 5 + d?
12
In base 5, what is 4 - -22?
31
In base 15, what is 27b3 + -3?
27b0
In base 10, what is -17 - 92?
-109
In base 6, what is -330 - 23?
-353
In base 9, what is -452 + -40?
-502
In base 4, what is -33223 + 11?
-33212
In base 7, what is 5 + 20?
25
In base 9, what is -17 + 235?
217
In base 4, what is 0 + 2023231?
2023231
In base 4, what is -2 - -201?
133
In base 10, what is -233 + 3?
-230
In base 10, what is 728 - -3?
731
In base 13, what is -42 - 3a?
-7c
In base 8, what is -311 + -65?
-376
In base 7, what is -156 - -16?
-140
In base 13, what is 4 + 3ac?
3b3
In base 5, what is 21 - -1?
22
In base 11, what is -4036 - -3?
-4033
In base 15, what is 5 - -37?
3c
In base 9, what is -68 - 14?
-83
In base 4, what is -10013331 - -1?
-10013330
In base 6, what is 11042 - 5?
11033
In base 2, what is 11 + -111111001100?
-111111001001
In base 13, what is 5 - 7b2?
-7aa
In base 14, what is a4 - -1?
a5
In base 3, what is 1010 - 100?
210
In base 5, what is -223 + -43?
-321
In base 4, what is 1301011 - -11?
1301022
In base 12, what is -1 - -342?
341
In base 4, what is 21020012 - -3?
21020021
In base 11, what is 62a - -6?
635
In base 7, what is -11300 - -5?
-11262
In base 8, what is 0 - -101?
101
In base 7, what is -3 - 210?
-213
In base 12, what is 65 + 31?
96
In base 12, what is -3 - 1a?
-21
In base 13, what is -1349 + -4?
-1350
In base 5, what is -3 + 1412?
1404
In base 2, what is 110100 + 1?
110101
In base 5, what is -102 + 10?
-42
In base 13, what is -9 - -7?
-2
In base 6, what is -11 + -15131?
-15142
In base 2, what is 0 + -10010?
-10010
In base 16, what is 2 - 7c0?
-7be
In base 8, what is -65 - -240?
153
In base 12, what is 147 + 8?
153
In base 9, what is -33 - -5?
-27
In base 3, what is -12210 - 10?
-12220
In base 4, what is 3 + -33032?
-33023
In base 15, what is -568e + 4?
-568a
In base 7, what is -115 + 4?
-111
In base 10, what is 571 - 2?
569
In base 15, what is -4 + 8?
4
In base 5, what is 2 + -30?
-23
In base 7, what is 1313 + -5?
1305
In base 12, what is 1 - 3b?
-3a
In base 6, what is 1023 - 135?
444
In base 11, what is 29 + -12?
17
In base 15, what is -15 - -15?
0
In base 13, what is 36 + 2?
38
In base 3, what is 1122 - -10201?
12100
In base 14, what is 493 + 4?
497
In base 16, what is 19d - -5?
1a2
In base 12, what is -2 - 142?
-144
In base 13, what is 0 - 2c?
-2c
In base 15, what is 88 - 23?
65
In base 3, what is 20 - -2022?
2112
In base 2, what is 0 - 11111000?
-11111000
In base 4, what is -10 + 12112?
12102
In base 14, what is 17 + a?
23
In base 5, what is -4 + -12022?
-12031
In base 3, what is 102000021 - -2?
102000100
In base 8, what is -3 + -2356?
-2361
In base 12, what is 3 - 3b7?
-3b4
In base 13, what is -1 - 65?
-66
In base 11, what is 4 + -25a8?
-25a4
In base 6, what is 3015 - 41?
2534
In base 9, what is -7400 + -1?
-7401
In base 15, what is -11 + 4?
-c
In base 12, what is 8 + 40?
48
In base 16, what is dd - -a?
e7
In base 13, what is -c - 1a?
-29
In base 15, what is 39 + 82?
bb
In base 12, what is -b - 1?
-10
In base 9, what is 663 - 4?
658
In base 8, what is -140 + 113?
-25
In base 16, what is 3 - -150?
153
In base 12, what is -3 + -30?
-33
In base 15, what is dd - -4?
e2
In base 3, what is 2 + -12202?
-12200
In base 7, what is -20511 + 1?
-20510
In base 15, what is -59 - 1?
-5a
In base 10, what is -4 + 5491?
5487
In base 8, what is 13017 - -3?
13022
In base 8, what is -512 + 6?
-504
In base 11, what is 1a2 - 5?
198
In base 6, what is 41 - 11?
30
In base 6, what is -1 + 5510?
5505
In base 2, what is -100011111 - 101?
-100100100
In base 9, what is 3011 - -2?
3013
In base 4, what is 0 - -23103?
23103
In base 3, what is -1222 + 10211?
1212
In base 15, what is 12 - 47?
-35
In base 7, what is -2 + 162?
160
In base 11, what is -8 + -712?
-71a
In base 16, what is -2 + 10e?
10c
In base 3, what is -11 + -122012?
-122100
In base 4, what is -30003 + 2?
-30001
In base 9, what is 5 + 30?
35
In base 11, what is 384 + -5?
37a
In base 12, what is 0 + 36?
36
In base 10, what is 374 + -23?
351
In base 13, what is 3 - -19?
1c
In base 10, what is -19 - 222?
-241
In base 12, what is -3 - -a56?
a53
In base 3, what is 12 + -2202200?
-2202111
In base 13, what is 89 - a?
7c
In base 4, what is 11110 + -11?
11033
In base 11, what is -a01 + 8?
-9a4
In base 2, what is 100110110 + -100?
100110010
In base 9, what is -13 - 25?
-38
In base 14, what is d3 + -4?
cd
In base 10, what is 0 - 153?
-153
In base 3, what is -1 - 1110?
-1111
In base 2, what is 100 + -11011?
-10111
In base 8, what is 402 + -134?
246
In base 8, what is 32 + -4?
26
In base 2, what is -110 + -1101100?
-1110010
In base 3, what is 1 - 121?
-120
In base 11, what is -2 - 146?
-148
In base 9, what is 5 + 125?
131
In base 15, what is 21 - 2?
1e
In base 4, what is -2 + -320?
-322
In base 11, what is 0 + 2173?
2173
In base 2, what is 1000 + 10011?
11011
In base 6, what is -133 + -1?
-134
In base 16, what is 1 + dd?
de
In base 15, what is 2a + -b?
1e
In base 12, what is -1 - 5?
-6
In base 7, what is 11626 + 5?
11634
In base 9, what is -26 + -2?
-28
In base 6, what is 53 - 103?
-10
In base 11, what is 0 + -65?
-65
In base 8, what is 3311 - 5?
3304
In base 11, what is -15 - 31?
-46
In base 16, what is 48f - b?
484
In base 14, what is 16 + -4?
12
In base 14, what is -827a + 3?
-8277
In base 8, what is -4655 - 1?
-4656
In base 9, what is -252 + 2?
-250
In base 3, what is -2 + -1222?
-2001
In base 9, what is -21261 - -4?
-21256
In base 15, what is -1058 + 4?
-1054
In base 6, what is 3 + 3?
10
In base 12, what is -8676 - -1?
-8675
In base 7, what is -1405 - 3?
-1411
In base 14, what is 57 - 3?
54
In base 16, what is 9 - -45?
4e
In base 4, what is -20020 + 0?
-20020
In base 5, what is 120 - 10?
110
In base 5, what is 4 + -2404?
-2400
In base 11, what is 1241 - 5?
1237
In base 16, what is -a + f?
5
In base 3, what is -10 + 21002?
20222
In base 16, what is -3 - 5b?
-5e
In base 10, what is -59 + 4?
-55
In base 13, what is ca8 + 1?
ca9
In base 2, what is 110 + 11011111?
11100101
In base 12, what is 37 - 2?
35
In base 6, what is 15 + 5021?
5040
In base 11, what is 144 + 0?
144
In base 13, what is -231 + -2?
-233
In base 14, what is -d - b?
-1a
In base 9, what is 226 - -1?
227
In base 13, what is -28 - ac?
-107
In base 7, what is 6 - 3260?
-3251
In base 3, what is -101 + -1200?
-2001
In base 9, what is -6 - 16?
-23
In base 9, what is 22 - 166?
-144
In base 11, what is -2 - 536?
-538
In base 13, what is -2 + -27?
-29
In base 15, what is 84 + 8?
8c
In base 14, what is 1394 + 3?
1397
In base 10, what is 12 - -426?
438
In base 10, what is 71 - -28?
99
In base 3, what is 12 + -1011122?
-1011110
In base 16, what is 283c - 1?
283b
In base 10, what is -9 - 265?
-274
In base 15, what is 19 + 15?
2e
In base 4, what is -12 + -102?
-120
In base 10, what is -7341 + -4?
-7345
In base 3, what is 2 + 1011121?
1011200
In base 12, what is -36 + -2?
-38
In base 6, what is 11454 - -10?
11504
In base 9, what is 1356 + -11?
1345
In base 5, what is 13214 - -2?
13221
In base 15, what is -2bd + -2?
-2c0
In base 6, what is 0 - 540?
-540
In base 16, what is 5eb